 number?
False
Let x(m) be the third derivative of -m**4/3 + 235*m**3/6 - m**2. Is x(18) a composite number?
True
Suppose -5488215 = -224*b + 209*b. Is b composite?
True
Suppose -5*r - 6 + 11 = 0. Let v(o) = 11*o**2 - r - 30*o + 31*o + 3*o**2. Is v(-3) prime?
False
Suppose -3281576 = -6*x - 2*q, -2*q + 949380 = 3*x - 691409. Is x a prime number?
False
Suppose 4*f = 2*f + 10. Suppose 4*o + 793 = 5*m, f*m - 3*o = 537 + 254. Is m a composite number?
False
Suppose -11852 - 11375 = -d. Is d prime?
True
Let z = -329752 + 588249. Is z prime?
False
Let i(b) = -2*b**2 + 15*b - 40. Let s be i(4). Is s/(-2) + (4 - -7713) a composite number?
False
Let d(f) = 2*f**2 - 25*f + 18. Let o be d(12). Let l = -40 + 52. Is ((-267)/o)/((-2)/l) prime?
False
Let m(z) = 354*z**3 + 3*z**2 - 5*z - 1. Let k be m(2). Suppose -3*t - 2*x = 678, -t - 221 = -0*t - x. Let p = k + t. Is p a composite number?
False
Suppose -5*c + 8*c - 2*x = -20537, 2*x = -4. Let j = c - -15188. Is j a composite number?
True
Let h(s) = 84*s**3 - 58*s**2 + 8*s - 1. Is h(9) prime?
False
Is (-180)/855*(-2)/(-4) - (-1643559)/19 a composite number?
True
Let r(c) = -117*c**2 + 2*c + 3. Suppose -n + 1 = -3*y, n = 3*y - 2*y - 3. Let k be r(y). Let b = 90 - k. Is b a prime number?
False
Suppose 19577 = -m + 4*j, 9*j = 10*j + 3. Let q = -13976 - m. Is q a prime number?
False
Let w(a) = -900*a + 3509. Is w(-7) prime?
False
Suppose -95 = -d - 4*u - 76, -2*u = -4. Suppose 0 = -d*x - x + 21564. Is x a prime number?
False
Suppose 0*r + 461 = 4*r - f, r = -4*f + 111. Is (-2226)/(-10) - (-46)/r a composite number?
False
Let o(s) be the third derivative of 7*s**4/4 + 41*s**3/6 + 4*s**2 - 6*s. Is o(8) a prime number?
False
Let q = 211652 + -84925. Is q a prime number?
False
Let y(g) = -9*g**3 + g**2 + g - 1. Let w be y(1). Let u(q) = 37*q**2 + 25*q**2 - 21 - 4*q - 19*q**2 - 11*q**2 + 25*q**2. Is u(w) a prime number?
True
Let n = 68 + -68. Suppose n = d - 4*o - 567, 0*d + 4*d - 3*o - 2294 = 0. Suppose -a = 0, 4*i - 3*a - 2211 = -d. Is i a prime number?
True
Suppose 0 = 2*g - 5*g - 4*d + 41024, 20 = -5*d. Suppose -g = -4*j + 2*l, -10261 = -0*j - 3*j + 2*l. Is j composite?
True
Let u(v) = -10*v**3 - v**2 - 4*v + 5. Suppose 2 = y + 6. Let w be u(y). Suppose 2*h = -59 + w. Is h composite?
False
Let u(d) be the second derivative of 5*d**4/12 + 5*d**3/6 + 16163*d**2/2 - 13*d. Is u(0) a composite number?
True
Suppose -2*s - 13862 = -t - 3*s, -3*t + 3*s = -41556. Let j = t + -3478. Is j composite?
True
Let k = 30 + -29. Let g(y) = 416*y + 7. Let c be g(k). Suppose 5*b = -3*f + c, -129 = 4*f + 2*b - 693. Is f composite?
True
Is 32487 + (-22)/(-7) + (-174)/(-203) composite?
False
Let h = 309497 - 195340. Is h composite?
False
Let n = -407782 - -715863. Is n a composite number?
False
Let l = 40482 + -17113. Is l a composite number?
False
Suppose 14589*a - 14531*a - 4475918 = 0. Is a a composite number?
False
Let t = -22450 + 131079. Is t a composite number?
True
Let w(j) = j**2 + 7*j + 4. Let b be w(-7). Suppose -5*l - 3*x + 15 = 0, -b*x = -4*l - 7*x + 12. Suppose 0*t + l*t - 795 = 0. Is t composite?
True
Let o be (10/(-4) + -2)*-2. Is 694396/36 + 2/o prime?
True
Let s(i) = -246*i + 49. Let g be s(11). Let t = g + 6148. Is t composite?
False
Let i(r) = 2 - 16 - r**2 - 14*r + 51. Let y be i(-16). Let l(z) = 4*z + 14. Is l(y) prime?
False
Let a(v) = v**3 - 18*v**2 - v + 21. Let t(g) = 4*g**3 - 53*g**2 - 4*g + 64. Let s(p) = 7*a(p) - 2*t(p). Let r be s(-20). Is 1/(-2 - r) + 1157 + 1 prime?
False
Suppose 268*n = -5*z + 264*n + 2415, 5*z - 2430 = -n. Is z a composite number?
False
Is (-3360)/36*-1464 + 9 a prime number?
True
Let y be 4/3 - (-1136)/3. Let x = y - 157. Is x composite?
False
Let h(r) = 20854*r + 321. Is h(5) a prime number?
False
Suppose 0 = 53*k - 691 + 214. Let u(h) = -2*h**2 - 5*h + 16. Let q(r) = 3*r**2 + 10*r - 31. Let z(l) = -3*q(l) - 5*u(l). Is z(k) a prime number?
False
Let n(x) = 144*x**2 + 54*x + 385. Is n(-46) a composite number?
True
Let b be 4/(-6)*3/2. Let n be -3*((-1005)/9)/b. Let f = 598 + n. Is f a composite number?
False
Suppose 55*t - 226086 = 143*t - 988430. Is t prime?
True
Suppose -3*m = -j - 27, 4*m - 24 = 3*j + 12. Let o(p) = -16*p - 17. Let h(z) = 16*z + 18. Let k(r) = 5*h(r) + 4*o(r). Is k(m) a composite number?
True
Let i(z) = z**2 + 110*z + 3028. Let y be i(-56). Suppose 0 = l + 5*n + 6, 0*l + l + 4*n + 5 = 0. Is l + 6378/y - (-4)/8 a prime number?
False
Let z(l) = 15871*l**2 + 21*l + 51. Let w be z(-14). Is (-2)/16 + w/136 a composite number?
False
Suppose -11*g - 3*q = -6*g + 1029, 3*q = 2*g + 420. Let z = 1524 + g. Is z a composite number?
True
Suppose 5*k + 30 = -3*i, 27 = -k + 2*i + 8. Let r be (7080/k)/(-10)*(-3)/(-2). Suppose 5*x - 623 - r = -w, 2*x - 2928 = -4*w. Is w a composite number?
True
Let w(h) = -19*h + 1442. Is w(-21) prime?
False
Suppose 3*n - 16*k - 26019 = -20*k, 0 = 4*n - 2*k - 34714. Is n a composite number?
False
Suppose -5*i + 5*z = -2320020, 5*i - 28*z = -33*z + 2320030. Is i a prime number?
False
Let s(m) = m + 8. Let u be s(-6). Suppose 4*d = 4*p, 12 = -3*p + 5*d + u. Suppose -p*n + 15421 = 2*n. Is n a prime number?
True
Suppose b - 3*l = 149, 5*b - 4*l - 949 = -259. Let f = -83 + 2. Let u = b + f. Is u a composite number?
False
Suppose i + 5*k - 118273 = 0, -4*k - 4 = -4. Is i prime?
True
Let u = -55676 - -335597. Is u a composite number?
True
Suppose -170*l = -803*l + 5321041 + 2688308. Is l a composite number?
False
Let a = -152 + 234. Suppose 0 = -s + 1839 + a. Is s prime?
False
Suppose -32*d + 846045 - 650247 = -1337098. Is d a prime number?
True
Let q(o) = 93*o**3 - 2*o**2 + 7*o + 3. Let x be q(5). Let g = x - 962. Is g composite?
False
Suppose -3*y + 19 = 4*i, 29*i + y = 32*i - 11. Suppose 710 + 834 = i*d. Is d a prime number?
False
Let p(r) = -5*r + 127. Let f be p(20). Suppose 138445 = -22*d + f*d. Is d a prime number?
True
Let p = 86 - 83. Let j be 6 + ((-2)/(-1) - p) + -1. Is j/6 - 12601*(-4)/12 a composite number?
False
Suppose -2*l + 3022561 = 39*l. Is l a composite number?
False
Let s(v) = 438*v**3 - 14*v**2 + 2*v + 9. Let i be s(6). Suppose 7*y - i = 14942. Is y a composite number?
False
Suppose -32*a + 28 = -25*a. Suppose 5*y = 4*f - 37626, -a*f - y + 29900 + 7738 = 0. Is f prime?
False
Let o(x) = x**3 + 5*x**2 - x + 46. Let l = 179 + -170. Is o(l) prime?
True
Let s(z) = 2*z**2 - 11*z + 11. Let j = -25 + 41. Let h be s(j). Let g = 294 + h. Is g composite?
False
Let h be 4 + (-30)/10 + 4/2. Suppose -30 = -h*s + 453. Is s a prime number?
False
Let w be (-30)/(-18)*96/40. Suppose 168861 = w*l - 5*g, 126647 = 3*l - 7*g + 3*g. Is l a composite number?
False
Let n = -15997 + 103830. Is n prime?
True
Suppose -28*l - 186620 = -98*l + 27930. Is l prime?
False
Suppose 0 = 3*z + 5*d + 49, -4*z + 6*d - 108 = 2*d. Let g = z + 32. Suppose -9182 = -g*b - 2549. Is b prime?
False
Suppose -22227390 = 18*t - 108*t. Is t composite?
False
Let x(z) = 4309*z. Suppose a = -5*m, m - 2*a - 11 = -0. Is x(m) a composite number?
True
Let k(x) = 2054*x**2 + 18*x + 67. Is k(-3) a prime number?
False
Let t(s) = s**3 + 87*s**2 + 360*s + 37. Is t(-63) a composite number?
False
Let c be -3*((-170)/105 + 2/7). Suppose -c*u + 164 = 2*f, -4*f + 6*u - 4*u = -308. Is -4 - ((-12415)/f + 1/6) a prime number?
False
Suppose -3*l + 53 = -d + 3*d, -2*l + d = -47. Let m = l - 21. Suppose 4*h - h - 11379 = m. Is h composite?
False
Let z(r) = 36*r**2 - 21*r**2 - 3*r + 19 - 12*r**2. Is z(8) prime?
False
Suppose 2203434 = -41*c + 7537001. Is c a composite number?
False
Suppose 0 = j + 1, -11*v + 5*j = -7*v - 74377. Is v a composite number?
False
Suppose -381 = 3*x - 2511. Suppose -67*j + 91*j - 8448 = 0. Let l = x - j. Is l a composite number?
True
Let s(h) = 47892*h - 5329. Is s(8) prime?
False
Let c(h) = -h**3 - 51*h**2 - 73*h - 128. Let u be c(-50). Suppose -u = -33*s + 925. Is s prime?
True
Let y = 319365 + -158027. Is y prime?
False
Let p = -43780 + 160353. Is p prime?
False
Suppose -7*w = 25*w + 4*w. Suppose w = 3*p + 2*g - 8495, p - 3*g = -0*p + 2839. Is p a prime number?
True
Let l(t) = 11*t**3 - 8*t**2 - 63*t + 11. Is l(17) composite?
False
Let r = 867440 + -303247. Is r a composite number?
True
Let g(v) = 1642*v**2 - 79*v - 309. Is g(-4) a prime number?
False
Let d = -9 + 48. Suppo